etermine l(-7).
34
Let i(u) = -u**3 + 17*u**2 + 14*u - 19. Calculate i(18).
-91
Let a(c) = -c**3 - 9*c**2 - 15*c + 9. What is a(-4)?
-11
Let i(p) = -p**2 - 42*p - 364. Determine i(-30).
-4
Let r(w) = -9*w**3 - 2*w**2 + 4*w. Determine r(-1).
3
Let c(p) = -3058*p + 6123. What is c(2)?
7
Let s(g) = g**2 - 43*g + 336. What is s(12)?
-36
Let b(c) = 16*c - 157. Calculate b(12).
35
Let i(z) = z**2 - 235*z - 4686. Give i(-18).
-132
Let f(z) = 12*z - 157. Calculate f(17).
47
Let k(g) = 14*g**3 + 337*g**2 + 24*g + 4. What is k(-24)?
4
Let x(d) = -4*d**2 + 104*d + 428. Determine x(-4).
-52
Let y(o) = -o**2 + 9*o - 11. What is y(5)?
9
Let b(p) = -2*p**3 + 7*p**2 + 40*p - 145. Give b(4).
-1
Let x(t) = -6*t**2 - 26*t + 1276. What is x(-17)?
-16
Let z(g) = -g**3 + 49*g**2 - 131*g + 1726. Calculate z(47).
-13
Let x(d) = -1899*d - 7619. Calculate x(-4).
-23
Let m(t) = -699*t - 22936. Calculate m(-33).
131
Let d(q) = -6*q**2 + 30*q + 6. Calculate d(-4).
-210
Let n(k) = -4*k**2 + 18*k - 40. Determine n(6).
-76
Let p(t) = -23*t + 883. What is p(38)?
9
Let a(y) = -y**2 + 27*y + 367. Determine a(0).
367
Let j(x) = x**2 + 113*x + 447. Give j(-4).
11
Let t(j) = j**3 + 18*j**2 + 51*j - 73. Determine t(-14).
-3
Let q(s) = -467*s - 42. Calculate q(-1).
425
Let n(g) = -3*g**3 - 13*g - 18. What is n(-2)?
32
Let y(a) = -15*a**2 + 27*a + 96. Determine y(-3).
-120
Let r(x) = -x**3 - 22*x**2 - 51*x - 165. Calculate r(-20).
55
Let j(m) = m**3 - 11*m**2 - 3*m + 191. Calculate j(9).
2
Let y(j) = -24*j - 1. Determine y(-9).
215
Let c(o) = 12*o**2 - 3461*o - 2020. What is c(289)?
3
Let f(r) = -1287*r + 6506. Give f(5).
71
Let i(y) = -y**2 - 327*y - 7254. Calculate i(-24).
18
Let b(m) = 10*m - 110. What is b(13)?
20
Let r(a) = 17*a - 235. Determine r(8).
-99
Let o(a) = 427*a - 19645. Calculate o(46).
-3
Let b(n) = -n**2 + 56*n - 542. Determine b(13).
17
Let u(r) = -20*r + 1641. Determine u(79).
61
Let h(b) = 3883*b + 19409. Calculate h(-5).
-6
Let r(o) = -2*o**2 + 160*o - 755. Determine r(5).
-5
Let u(i) = -529*i**2 + 1062*i + 5. What is u(2)?
13
Let s(z) = -146*z + 773. What is s(5)?
43
Let b(v) = v**3 + 31*v**2 + 36*v + 71. What is b(-30)?
-109
Let y(u) = -217*u - 71604. What is y(-330)?
6
Let m(r) = -43*r - 753. What is m(-20)?
107
Let r(h) = -h**3 + 4*h**2 - h - 2. Determine r(3).
4
Let q(t) = t**3 - 83*t**2 - 166*t - 417. Calculate q(85).
-77
Let j(a) = 120*a + 3258. Calculate j(-27).
18
Let s(j) = -6*j**2 - 73*j - 70. What is s(-1)?
-3
Let a(c) = -20*c**2 - 579*c + 41. Calculate a(-29).
12
Let v(x) = -42*x - 2347. Determine v(-56).
5
Let a(k) = 16*k + 983. Give a(-53).
135
Let o(s) = 2*s**3 - 57*s**2 + 382*s + 331. Calculate o(14).
-5
Let d(a) = 22*a**2 - 49*a + 97. Calculate d(5).
402
Let g(r) = r**3 - 23*r**2 + 77*r - 34. Determine g(19).
-15
Let q(d) = -48*d - 1156. What is q(-24)?
-4
Let z(t) = -274*t - 4375. Determine z(-16).
9
Let b(u) = -9*u**2 + 568*u - 106. What is b(63)?
-43
Let b(w) = -129*w**2 + 894*w + 64. Give b(7).
1
Let b(u) = 15*u**3 + 29*u**2 + 19*u - 11. What is b(-1)?
-16
Let r(a) = 19*a - 151. Determine r(8).
1
Let u(r) = 42*r + 198. Calculate u(-7).
-96
Let b(l) = l**3 + 12*l**2 - 259*l - 1982. Determine b(-20).
-2
Let v(m) = -m**3 + 48*m**2 - 155*m - 921. Calculate v(44).
3
Let w(p) = -6*p**2 + 79*p + 22. What is w(12)?
106
Let a(i) = -2*i**3 + 17*i**2 + 63*i - 368. Determine a(-5).
-8
Let x(r) = 112*r - 2766. Calculate x(25).
34
Let l(x) = -2*x**3 - 58*x**2 - x - 43. What is l(-29)?
-14
Let l(r) = -r**3 + 7*r**2 - 26*r + 43. Give l(2).
11
Let n(q) = 2*q**2 - 610*q - 611. Calculate n(-1).
1
Let f(p) = 38*p + 73. Determine f(7).
339
Let v(o) = 4*o**3 + 33*o**2 + 19*o - 17. Determine v(-9).
-431
Let n(u) = -u**2 + 68*u - 1. What is n(68)?
-1
Let j(f) = -311*f + 3423. Calculate j(11).
2
Let d(j) = 3*j**3 + 5*j**2 - 2*j - 15. Determine d(-6).
-471
Let b(t) = -11*t - 564. Calculate b(-42).
-102
Let v(f) = f**3 - 23*f**2 + 115*f + 38. Determine v(7).
59
Let b(x) = -x**2 - 92*x + 1372. Determine b(-105).
7
Let b(f) = -5*f**2 - 16*f + 13. Give b(-5).
-32
Let w(x) = -57*x + 304. Determine w(10).
-266
Let v(u) = -5*u**3 - 53*u**2 - 25*u + 39. Calculate v(-10).
-11
Let l(o) = -3*o**2 - 3*o - 36. Calculate l(-7).
-162
Let j(z) = z**2 - 135*z + 4042. What is j(90)?
-8
Let l(z) = 2*z**3 - 10*z**2 - 18*z + 44. Calculate l(6).
8
Let j(r) = 3*r**3 + 26*r**2 - 24*r - 1. Calculate j(1).
4
Let j(x) = 28*x + 64. Determine j(-5).
-76
Let g(z) = -z**2 + 25*z - 106. Calculate g(12).
50
Let l(u) = -138*u - 1. What is l(1)?
-139
Let d(w) = 181*w - 47. What is d(-2)?
-409
Let a(n) = 4*n**3 - 56*n**2 - 54*n - 92. Give a(15).
-2
Let l(g) = g**3 + 6*g**2 - 114*g - 40. Give l(-14).
-12
Let i(v) = 2*v**3 - 32*v**2 - 214*v - 13. What is i(-6)?
-313
Let l(o) = -o**3 + 20*o**2 + o - 42. What is l(20)?
-22
Let x(c) = c**3 - 21*c**2 + 62*c + 284. Determine x(16).
-4
Let w(c) = -1665*c + 8297. Determine w(5).
-28
Let o(a) = -a**2 - 3*a + 23. Calculate o(0).
23
Let f(q) = -2*q**2 - 182*q + 4966. Calculate f(-113).
-6
Let v(k) = -k**3 - 10*k**2 + 42*k - 86. Give v(3).
-77
Let m(h) = -h**2 - 9*h + 115. Calculate m(-9).
115
Let x(o) = -5*o**2 + 369*o + 3345. Give x(-9).
-381
Let o(u) = 2*u**2 + 3*u + 4. Give o(-1).
3
Let a(u) = -u**3 + 8*u**2 + 4*u - 2. Calculate a(8).
30
Let r(l) = -33*l - 872. What is r(-21)?
-179
Let p(a) = 2*a**3 + a + 8. Give p(-2).
-10
Let p(a) = 32*a**3 + 6*a**2 - 7. Determine p(-2).
-239
Let c(j) = -317*j + 29. Give c(1).
-288
Let o(u) = u**3 - 8*u**2 - 7*u + 44. Determine o(5).
-66
Let r(u) = -u**2 + 1173*u + 62447. Determine r(-51).
23
Let k(q) = 16*q + 452. What is k(-27)?
20
Let g(b) = 3*b**3 + 108*b**2 + 296*b - 64. Give g(-33).
-31
Let t(c) = -c**3 + 5*c**2 + 14*c - 13. Calculate t(5).
57
Let b(q) = 76*q - 88. Give b(2).
64
Let b(y) = -y**3 - 20*y**2 - 75*y. What is b(-15)?
0
Let q(o) = -7*o**2 - 116*o - 225. Give q(-2).
-21
Let k(o) = -o**3 - 7*o**2 + 100*o + 718. Give k(-8).
-18
Let a(k) = 35*k + 221. Determine a(-6).
11
Let z(u) = -1843*u + 23960. Calculate z(13).
1
Let d(n) = 119*n + 2503. Calculate d(-21).
4
Let m(c) = -c**3 + 3*c**2 + 22*c - 23. What is m(5)?
37
Let h(b) = 8*b**2 + 40*b + 215. Calculate h(-6).
263
Let g(l) = 2*l**2 + 18*l + 5. Calculate g(-9).
5
Let t(d) = 160*d - 709. Calculate t(3).
-229
Let g(u) = -9*u**3 + 533*u**2 - 127*u + 519. Determine g(59).
-12
Let r(u) = 2*u**2 - 164*u - 241. Determine r(83).
-75
Let s(k) = -5800*k + 57999. Give s(10).
-1
Let n(i) = -i**2 - 7*i + 251. Determine n(-10).
221
Let f(p) = -7*p**2 - 8*p - 125. Determine f(-7).
-412
Let d(b) = -b**2 - 3975*b + 168711. What is d(42)?
-3
Let t(r) = -3*r**2 + 25*r + 30. What is t(8)?
38
Let y(z) = 10*z - 1185. What is y(111)?
-75
Let t(v) = v**3 + 6*v**2 - 5*v - 10. Calculate t(-7).
-24
Let z(s) = -s**3 - 14*s**2 - 2*s - 41. Calculate z(-14).
-13
Let r(f) = -f**2 - 449*f - 1325. Calculate r(-3).
13
Let i(k) = -k**3 + 12*k**2 + 29*k - 7. What is i(0)?
-7
Let l(y) = -36*y**2 + 166*y - 500. Determine l(3).
-326
Let z(d) = d**3 + 47*d**2 - 110*d - 2924. Give z(-48).
52
Let u(d) = 168*d + 5039. Give u(-30).
-1
Let w(l) = -l**3 - 19*l**2 + 20*l - 17. Calculate w(-20).
-17
Let n(r) = -120*r - 16334. Give n(-136).
-14
Let u(b) = b**3 + 4*b**2 - 106*b - 515. Calculate u(-9).
34
Let q(o) = -104*o**2 + 3*o - 2. What is q(-1)?
-109
Let j(i) = -4*i**2 + 17*i + 40. Determine j(8).
-80
Let p(w) = -86*w**2 - 8*w - 2. Calculate p(-2).
-330
Let g(k) = -16*k - 134. Calculate g(-9).
10
Let k(x) = -3*x**2 - 740*x + 741. Determine k(1).
-2
Let f(r) = 471*r + 13173. Calculate f(-28).
-15
Let k(b) = 4*b - 3. What is k(2)?
5
Let l(q) = 266*q**2 - 49*q + 50. Give l(1).
267
Let m(x) = -25*x**2 + 121*x + 27. Determine m(5).
7
Let j(c) = 3*c**3 - 118*c**2 - 359*c + 4. Give j(-3).
-62
Let x(u) = 162*u**2 - 661*u + 4. Give x(4).
-48
Let i(q) = q**3 - 2*q**2 - 431*q + 2460. Determine i(6).
18
Let x(f) = f**3 + 29*f**2 - 12*f + 28. What is x(-29)?
376
Let x(a) = -7*a + 12. Calculate x(12).
-72
Let z(k) = 44*k + 1495. Determine z(-43).
-397
Let q(z) = -z**3 + 21*z**2 + 32*z + 290. Calculate q(23).
-32
Let t(u) = -7*u**2 + 285*u + 931. Give t(44).
-81
Let z(f) = -5*f - 866. Calculate z(12).
-926
Let p(a) = -a**2 + 42*a + 337. Calculate p(48).
49
Let q(i) = -2*i**3 + 28*i**2 + 556*i + 26. What is q(-11)?